{"id":20,"date":"2026-04-07T21:50:43","date_gmt":"2026-04-07T14:50:43","guid":{"rendered":"https:\/\/uu666.camp\/?page_id=20"},"modified":"2026-04-08T20:40:52","modified_gmt":"2026-04-08T13:40:52","slug":"trang-chu","status":"publish","type":"page","link":"https:\/\/uu666.camp\/","title":{"rendered":"trang ch\u1ee7"},"content":{"rendered":"<div class=\"slider-wrapper relative\" id=\"slider-1417330961\" >\n    <div class=\"slider slider-nav-circle slider-nav-large slider-nav-light slider-style-normal\"\n        data-flickity-options='{\n            \"cellAlign\": \"center\",\n            \"imagesLoaded\": true,\n            \"lazyLoad\": 1,\n            \"freeScroll\": false,\n            \"wrapAround\": true,\n            \"autoPlay\": 6000,\n            \"pauseAutoPlayOnHover\" : true,\n            \"prevNextButtons\": true,\n            \"contain\" : true,\n            \"adaptiveHeight\" : true,\n            \"dragThreshold\" : 10,\n            \"percentPosition\": true,\n            \"pageDots\": true,\n            \"rightToLeft\": false,\n            \"draggable\": true,\n            \"selectedAttraction\": 0.1,\n            \"parallax\" : 0,\n            \"friction\": 0.6        }'\n        >\n        \n\t<div class=\"img has-hover x md-x lg-x y md-y lg-y\" id=\"image_60359062\">\n\t\t\t\t\t\t\t\t<div class=\"img-inner dark\" >\n\t\t\t<img loading=\"lazy\" decoding=\"async\" width=\"1920\" height=\"569\" src=\"https:\/\/uu666.camp\/wp-content\/uploads\/2026\/04\/banner-4.webp\" class=\"attachment-original size-original\" alt=\"Banner uu666\" srcset=\"https:\/\/uu666.camp\/wp-content\/uploads\/2026\/04\/banner-4.webp 1920w, https:\/\/uu666.camp\/wp-content\/uploads\/2026\/04\/banner-4-300x89.webp 300w, https:\/\/uu666.camp\/wp-content\/uploads\/2026\/04\/banner-4-1024x303.webp 1024w, https:\/\/uu666.camp\/wp-content\/uploads\/2026\/04\/banner-4-768x228.webp 768w, https:\/\/uu666.camp\/wp-content\/uploads\/2026\/04\/banner-4-1536x455.webp 1536w\" sizes=\"auto, (max-width: 1920px) 100vw, 1920px\" \/>\t\t\t\t\t\t\n\t\t\t\t\t<\/div>\n\t\t\t\t\t\t\t\t\n<style>\n#image_60359062 {\n  width: 100%;\n}\n<\/style>\n\t<\/div>\n\t\n\t<div class=\"img has-hover x md-x lg-x y md-y lg-y\" id=\"image_391444475\">\n\t\t\t\t\t\t\t\t<div class=\"img-inner dark\" >\n\t\t\t<img loading=\"lazy\" decoding=\"async\" width=\"1920\" height=\"569\" src=\"https:\/\/uu666.camp\/wp-content\/uploads\/2026\/04\/banner-3.webp\" class=\"attachment-original size-original\" alt=\"Banner uu666\" srcset=\"https:\/\/uu666.camp\/wp-content\/uploads\/2026\/04\/banner-3.webp 1920w, https:\/\/uu666.camp\/wp-content\/uploads\/2026\/04\/banner-3-300x89.webp 300w, https:\/\/uu666.camp\/wp-content\/uploads\/2026\/04\/banner-3-1024x303.webp 1024w, https:\/\/uu666.camp\/wp-content\/uploads\/2026\/04\/banner-3-768x228.webp 768w, https:\/\/uu666.camp\/wp-content\/uploads\/2026\/04\/banner-3-1536x455.webp 1536w\" sizes=\"auto, (max-width: 1920px) 100vw, 1920px\" \/>\t\t\t\t\t\t\n\t\t\t\t\t<\/div>\n\t\t\t\t\t\t\t\t\n<style>\n#image_391444475 {\n  width: 100%;\n}\n<\/style>\n\t<\/div>\n\t\n     <\/div>\n\n     <div class=\"loading-spin dark large centered\"><\/div>\n\n\t<\/div>\n\n\n<div class=\"row\"  id=\"row-1270145329\">\n\n\t<div id=\"col-698195514\" class=\"col small-12 large-12\"  >\n\t\t\t\t<div class=\"col-inner\"  >\n\t\t\t\n\t\t\t\n<div class=\"container section-title-container\" ><h3 class=\"section-title section-title-center\"><b aria-hidden=\"true\"><\/b><span class=\"section-title-main\" >Lorem ipsum dolor sit amet...<\/span><b aria-hidden=\"true\"><\/b><\/h3><\/div>\n\t\t<\/div>\n\t\t\t\t\t<\/div>\n\n\t\n<\/div>\n<div class=\"row\"  id=\"row-1226646662\">\n\n\t<div id=\"col-1323498738\" class=\"col medium-6 small-6 large-6\"  >\n\t\t\t\t<div class=\"col-inner\"  >\n\t\t\t\n\t\t\t\n\t<div class=\"img has-hover x md-x lg-x y md-y lg-y\" id=\"image_224899021\">\n\t\t\t\t\t\t\t\t<div class=\"img-inner dark\" >\n\t\t\t<img loading=\"lazy\" decoding=\"async\" width=\"810\" height=\"240\" src=\"https:\/\/uu666.camp\/wp-content\/uploads\/2026\/04\/imaige-8.webp\" class=\"attachment-original size-original\" alt=\"Ho\u00e0n tr\u1ea3 t\u1ee9c th\u00ec\" srcset=\"https:\/\/uu666.camp\/wp-content\/uploads\/2026\/04\/imaige-8.webp 810w, https:\/\/uu666.camp\/wp-content\/uploads\/2026\/04\/imaige-8-300x89.webp 300w, https:\/\/uu666.camp\/wp-content\/uploads\/2026\/04\/imaige-8-768x228.webp 768w\" sizes=\"auto, (max-width: 810px) 100vw, 810px\" \/>\t\t\t\t\t\t\n\t\t\t\t\t<\/div>\n\t\t\t\t\t\t\t\t\n<style>\n#image_224899021 {\n  width: 100%;\n}\n<\/style>\n\t<\/div>\n\t\n\t\t<\/div>\n\t\t\t\t\t<\/div>\n\n\t\n\n\t<div id=\"col-1625354741\" class=\"col medium-6 small-6 large-6\"  >\n\t\t\t\t<div class=\"col-inner\"  >\n\t\t\t\n\t\t\t\n\t<div class=\"img has-hover x md-x lg-x y md-y lg-y\" id=\"image_1465713718\">\n\t\t\t\t\t\t\t\t<div class=\"img-inner dark\" >\n\t\t\t<img loading=\"lazy\" decoding=\"async\" width=\"810\" height=\"240\" src=\"https:\/\/uu666.camp\/wp-content\/uploads\/2026\/04\/imaige-7.webp\" class=\"attachment-original size-original\" alt=\"Gi\u1edbi thi\u00eau b\u00e0n b\u00e8\" srcset=\"https:\/\/uu666.camp\/wp-content\/uploads\/2026\/04\/imaige-7.webp 810w, https:\/\/uu666.camp\/wp-content\/uploads\/2026\/04\/imaige-7-300x89.webp 300w, https:\/\/uu666.camp\/wp-content\/uploads\/2026\/04\/imaige-7-768x228.webp 768w\" sizes=\"auto, (max-width: 810px) 100vw, 810px\" \/>\t\t\t\t\t\t\n\t\t\t\t\t<\/div>\n\t\t\t\t\t\t\t\t\n<style>\n#image_1465713718 {\n  width: 100%;\n}\n<\/style>\n\t<\/div>\n\t\n\t\t<\/div>\n\t\t\t\t\t<\/div>\n\n\t\n<\/div>\n<div class=\"row\"  id=\"row-504348790\">\n\n\t<div id=\"col-224801650\" class=\"col medium-6 small-6 large-6\"  >\n\t\t\t\t<div class=\"col-inner\"  >\n\t\t\t\n\t\t\t\n\t<div class=\"img has-hover x md-x lg-x y md-y lg-y\" id=\"image_933255572\">\n\t\t\t\t\t\t\t\t<div class=\"img-inner dark\" >\n\t\t\t<img loading=\"lazy\" decoding=\"async\" width=\"810\" height=\"240\" src=\"https:\/\/uu666.camp\/wp-content\/uploads\/2026\/04\/imaige-12.webp\" class=\"attachment-original size-original\" alt=\"Ph\u1ea3n h\u1ed3i hay nh\u1eadn th\u01b0\u1edfng ngay\" srcset=\"https:\/\/uu666.camp\/wp-content\/uploads\/2026\/04\/imaige-12.webp 810w, https:\/\/uu666.camp\/wp-content\/uploads\/2026\/04\/imaige-12-300x89.webp 300w, https:\/\/uu666.camp\/wp-content\/uploads\/2026\/04\/imaige-12-768x228.webp 768w\" sizes=\"auto, (max-width: 810px) 100vw, 810px\" \/>\t\t\t\t\t\t\n\t\t\t\t\t<\/div>\n\t\t\t\t\t\t\t\t\n<style>\n#image_933255572 {\n  width: 100%;\n}\n<\/style>\n\t<\/div>\n\t\n\t\t<\/div>\n\t\t\t\t\t<\/div>\n\n\t\n\n\t<div id=\"col-1077562225\" class=\"col medium-6 small-6 large-6\"  >\n\t\t\t\t<div class=\"col-inner\"  >\n\t\t\t\n\t\t\t\n\t<div class=\"img has-hover x md-x lg-x y md-y lg-y\" id=\"image_129733423\">\n\t\t\t\t\t\t\t\t<div class=\"img-inner dark\" >\n\t\t\t<img loading=\"lazy\" decoding=\"async\" width=\"810\" height=\"240\" src=\"https:\/\/uu666.camp\/wp-content\/uploads\/2026\/04\/imaige-11.webp\" class=\"attachment-original size-original\" alt=\"Th\u00e0nh vi\u00ean m\u1edbi t\u1eb7ng ngay 68k\" srcset=\"https:\/\/uu666.camp\/wp-content\/uploads\/2026\/04\/imaige-11.webp 810w, https:\/\/uu666.camp\/wp-content\/uploads\/2026\/04\/imaige-11-300x89.webp 300w, https:\/\/uu666.camp\/wp-content\/uploads\/2026\/04\/imaige-11-768x228.webp 768w\" sizes=\"auto, (max-width: 810px) 100vw, 810px\" \/>\t\t\t\t\t\t\n\t\t\t\t\t<\/div>\n\t\t\t\t\t\t\t\t\n<style>\n#image_129733423 {\n  width: 100%;\n}\n<\/style>\n\t<\/div>\n\t\n\t\t<\/div>\n\t\t\t\t\t<\/div>\n\n\t\n<\/div>\n<div class=\"row\"  id=\"row-849760191\">\n\n\t<div id=\"col-1609423169\" class=\"col medium-6 small-6 large-6\"  >\n\t\t\t\t<div class=\"col-inner\"  >\n\t\t\t\n\t\t\t\n\t<div class=\"img has-hover x md-x lg-x y md-y lg-y\" id=\"image_495173109\">\n\t\t\t\t\t\t\t\t<div class=\"img-inner dark\" >\n\t\t\t<img loading=\"lazy\" decoding=\"async\" width=\"810\" height=\"240\" src=\"https:\/\/uu666.camp\/wp-content\/uploads\/2026\/04\/imaige-15.webp\" class=\"attachment-original size-original\" alt=\"\u0110i\u1ec3m danh m\u1ed7i ng\u00e0y\" srcset=\"https:\/\/uu666.camp\/wp-content\/uploads\/2026\/04\/imaige-15.webp 810w, https:\/\/uu666.camp\/wp-content\/uploads\/2026\/04\/imaige-15-300x89.webp 300w, https:\/\/uu666.camp\/wp-content\/uploads\/2026\/04\/imaige-15-768x228.webp 768w\" sizes=\"auto, (max-width: 810px) 100vw, 810px\" \/>\t\t\t\t\t\t\n\t\t\t\t\t<\/div>\n\t\t\t\t\t\t\t\t\n<style>\n#image_495173109 {\n  width: 100%;\n}\n<\/style>\n\t<\/div>\n\t\n\t\t<\/div>\n\t\t\t\t\t<\/div>\n\n\t\n\n\t<div id=\"col-1685975857\" class=\"col medium-6 small-6 large-6\"  >\n\t\t\t\t<div class=\"col-inner\"  >\n\t\t\t\n\t\t\t\n\t<div class=\"img has-hover x md-x lg-x y md-y lg-y\" id=\"image_809170052\">\n\t\t\t\t\t\t\t\t<div class=\"img-inner dark\" >\n\t\t\t<img loading=\"lazy\" decoding=\"async\" width=\"810\" height=\"240\" src=\"https:\/\/uu666.camp\/wp-content\/uploads\/2026\/04\/imaige-13.webp\" class=\"attachment-original size-original\" alt=\"S\u0103n code \u0111\u1ed5i th\u01b0\u1edfng mi\u1ec5n ph\u00ed\" srcset=\"https:\/\/uu666.camp\/wp-content\/uploads\/2026\/04\/imaige-13.webp 810w, https:\/\/uu666.camp\/wp-content\/uploads\/2026\/04\/imaige-13-300x89.webp 300w, https:\/\/uu666.camp\/wp-content\/uploads\/2026\/04\/imaige-13-768x228.webp 768w\" sizes=\"auto, (max-width: 810px) 100vw, 810px\" \/>\t\t\t\t\t\t\n\t\t\t\t\t<\/div>\n\t\t\t\t\t\t\t\t\n<style>\n#image_809170052 {\n  width: 100%;\n}\n<\/style>\n\t<\/div>\n\t\n\t\t<\/div>\n\t\t\t\t\t<\/div>\n\n\t\n<\/div>\n","protected":false},"excerpt":{"rendered":"","protected":false},"author":1,"featured_media":0,"parent":0,"menu_order":0,"comment_status":"closed","ping_status":"closed","template":"page-blank.php","meta":{"footnotes":""},"class_list":["post-20","page","type-page","status-publish","hentry"],"_links":{"self":[{"href":"https:\/\/uu666.camp\/index.php?rest_route=\/wp\/v2\/pages\/20","targetHints":{"allow":["GET"]}}],"collection":[{"href":"https:\/\/uu666.camp\/index.php?rest_route=\/wp\/v2\/pages"}],"about":[{"href":"https:\/\/uu666.camp\/index.php?rest_route=\/wp\/v2\/types\/page"}],"author":[{"embeddable":true,"href":"https:\/\/uu666.camp\/index.php?rest_route=\/wp\/v2\/users\/1"}],"replies":[{"embeddable":true,"href":"https:\/\/uu666.camp\/index.php?rest_route=%2Fwp%2Fv2%2Fcomments&post=20"}],"version-history":[{"count":6,"href":"https:\/\/uu666.camp\/index.php?rest_route=\/wp\/v2\/pages\/20\/revisions"}],"predecessor-version":[{"id":48,"href":"https:\/\/uu666.camp\/index.php?rest_route=\/wp\/v2\/pages\/20\/revisions\/48"}],"wp:attachment":[{"href":"https:\/\/uu666.camp\/index.php?rest_route=%2Fwp%2Fv2%2Fmedia&parent=20"}],"curies":[{"name":"wp","href":"https:\/\/api.w.org\/{rel}","templated":true}]}}